t is the value of 6 - -2 - 12 - (-3 + -1)?
0
-1 + -1 + (6 - 2)
2
Calculate 5 + -6 + -2 + 6.
3
8 - 4 - (14 - 7) - 0
-3
What is -78 - -82 - (9 - (1 + 0))?
-4
-2 - (1 + 5 + -9)
1
Evaluate -1 + 1 + -5 - -5.
0
What is -2 + (-3 - -4) + -1 - -2?
0
Calculate 2 - (1 + 3 + 0).
-2
14 + -10 + -1 - (1 - 5)
7
Calculate -1 - (5 + -6 + -4).
4
Calculate -2 - (0 + 4) - 1 - -2.
-5
4 + 5 - 10 - -2
1
What is -7 + (-3 - -12) - 7?
-5
What is the value of (-3 + 2 + -5 - -12) + -8?
-2
What is the value of (-6 - -3) + 4 - -1 - -3?
5
What is -13 + (4 - -3 - -6)?
0
Calculate 6 + (-11 - (-9 - 3)).
7
What is 3 + (-1 - 3) + 5?
4
-6 - (-3 - 0 - (-5 + 5))
-3
What is the value of 19 + -18 + (0 - 4)?
-3
What is the value of (-5 - -7) + 6 + -4?
4
3 - (4 - 0) - (8 + -7)
-2
What is the value of (3 - -3) + -4 - 6?
-4
Evaluate 11 + (-2 - (7 - (-6 - -7))).
3
What is the value of -5 + -3 + (-1 - -11)?
2
What is the value of (-1 + 6 - 1) + (-6 - -3)?
1
Evaluate -117 + 108 + 9 + -1.
-1
Evaluate -6 - ((6 - 13) + -2) - -5.
8
What is the value of -7 + -2 - (25 + -30)?
-4
Evaluate 5 + -1 + -4 - (3 - 4).
1
What is 1 - 4 - -2 - 0?
-1
Evaluate 6 - (20 - 11 - 9).
6
Calculate (5 - 4) + (-5 - -2).
-2
-8 + 2 + -4 - (2 - 3)
-9
Calculate -1 - (-1 + -1) - 5.
-4
Evaluate -6 + (-4 - (-7 + 5) - -2).
-6
Calculate 4 + -7 - (-3 + 1 + -1).
0
What is the value of (-6 - -5 - -5) + -4?
0
Evaluate -2 + (1 + 3 + -2 - 3).
-3
What is (-2 - 0) + -7 - -5?
-4
Evaluate (2 - -4 - 0) + -3.
3
What is the value of -1 - (2 - (-5 + 12))?
4
Evaluate -8 + 7 + -3 + 6.
2
1 + (6 - 4) - 0
3
(-1 - (-6 - -4)) + -4
-3
Calculate -5 - 0 - (2 - 5) - 1.
-3
What is -6 + (-3 - -4) - -4?
-1
What is the value of -9 + 5 + (-1 - (8 + -14))?
1
What is the value of 5 - (1 + 3 + -4)?
5
Evaluate -9 - (-3 - ((3 - 4) + 2)).
-5
Evaluate (1 - 2 - -1) + 5 + -3.
2
Evaluate 3 + 0 - (4 + 1).
-2
Evaluate 5 - (-1 - (3 + -10)).
-1
16 + -9 + -2 + 1
6
Evaluate 7 - (3 - (-7 - -7 - 2)).
2
(-9 + 6 - (2 + -1)) + 3
-1
5 + 4 + -3 - 2
4
Calculate -9 + 10 - -4 - 1.
4
-2 + 4 + -9 + 9 - -1
3
What is (7 + -14 - -9) + -8?
-6
What is (8 - 0 - 1) + 3 + -10?
0
2 + 2 + 4 + -5 + -3
0
Calculate (3 - 4) + -1 - 0.
-2
Evaluate 138 + -132 + (1 - (2 + 1)).
4
Calculate -10 - (-14 - 5) - (6 - 0).
3
What is (-8 - (8 - 7)) + 11?
2
Evaluate (1 - 7) + -35 + 34 + 15.
8
Calculate 5 + -2 - (4 + 1 + -2).
0
Evaluate -3 + -7 + (15 - 9).
-4
Calculate 13 + (7 - 26) - (-1 - -3).
-8
What is 6 + (3 - 6) + 4 + -5?
2
What is (1 - -3) + 1 - 5?
0
(9 - -9) + (5 - 14)
9
Calculate 2 - 2 - (21 + -24).
3
Evaluate 5 + -2 + 3 - (2 + -2).
6
Calculate 8 - (2 + 4 + -3).
5
-2 - (4 + -1 + -14 + 5)
4
7 - ((14 - 20) + 7 + 0)
6
What is -3 - -1 - (34 + -41)?
5
Calculate 4 - (2 + (-4 + 1 - -3)).
2
Evaluate -3 - (-5 + -5 + 15 + -4).
-4
What is the value of (-12 - -33 - 15) + (0 - -1)?
7
Calculate (-8 + 6 - -2) + -11 + 3.
-8
2 - (-3 + 9 - 3)
-1
Evaluate 0 - (0 - -1 - -1).
-2
32 - 36 - (-2 + -1)
-1
-46 - -48 - (2 + (2 - 7))
5
Evaluate -6 + 3 + 0 + 8.
5
Calculate 5 - (-11 - -10) - 5.
1
Evaluate -7 + 6 + 0 - (1 - 1).
-1
What is the value of 161 - 163 - (1 + 4)?
-7
Evaluate 8 - (10 + -7 + -4).
9
Calculate 1 + (-5 + 3 - (-1 - 0)).
0
-6 - ((-7 - -2) + -5)
4
What is the value of -2 - ((9 - 12) + 0 + 0)?
1
What is -3 + 3 + 3 + -1?
2
3 - (-3 + 5 + -2 + -2)
5
What is 1 + (-4 - -4) - 5 - 1?
-5
1 + 4 + -6 + (-2 - -4)
1
Calculate (2 - 3 - -4) + (2 - 3).
2
Calculate 4 + -9 + 1 + 7 + 1.
4
Evaluate -3 + 8 - (0 - (1 + -4)).
2
Calculate -4 + 1 - -3 - (-1 + -1).
2
What is the value of (-45 - -54) + (-5 - 0)?
4
Evaluate 4 + -1 + -4 - 0.
-1
What is (3 - (-5 + -2)) + -4 + -6?
0
What is the value of 5 + (-3 - -1) + -2 + -1?
0
Calculate -21 + 25 - (3 + 0 - 0).
1
-2 + (-3 - -3 - 1)
-3
What is -8 + 0 + (-4 - -5) + 2?
-5
What is the value of 20 - 2 - (-39 - -50)?
7
15 + -10 + (-1 - (1 + 0))
3
Calculate 39 - 40 - (1 - 2 - 2).
2
7 + -6 - 4 - -16 - 7
6
Calculate 0 + 1 + 1 + 1 + -2.
1
Calculate (-1 - 1) + 1 - (8 - 5).
-4
Evaluate -4 + (-2 - (-5 + 3)) + -1.
-5
What is -2 + 2 - (-45 + 38)?
7
What is the value of -4 - (5 - (-3 - -12))?
0
Calculate -23 + 15 + 9 - (6 + 1).
-6
What is the value of -5 + 5 - (6 + 0 + -2)?
-4
What is the value of 4 + (3 - (4 - 5 - -9))?
-1
Calculate 14 + -8 + (0 - 1).
5
Calculate 6 - -1 - (1 - -2) - 2.
2
What is 5 - 6 - -4 - 10?
-7
1 - 1 - -1 - 3 - 3
-5
What is (-5 - -2) + (0 - -2 - -3)?
2
What is the value of (0 - 4 - -2) + -1 + 4?
1
Calculate (6 - -2) + 0 + (-4 - -1).
5
Evaluate (6 + -3 - 1) + -3 + -1.
-2
Calculate (16 - (2 + 5)) + -8.
1
Calculate -5 + -10 + 5 + 14.
4
What is the value of 5 + (2 + -5 - (-1 + -5))?
8
Evaluate -2 + -1 + -2 + (-1 - -1).
-5
What is 22 - (4 + 3) - (-1 - -8)?
8
Calculate -1 - (1 + -3 - (13 - 15)).
-1
What is -3 + 3 - 0 - 4?
-4
What is -1 - (3 + 5 + -6)?
-3
What is 6 + -7 + (8 + -4 - -2)?
5
1 + 4 - (28 - 26)
3
-3 + 0 + -8 + 11 + -9
-9
What is (-19 + 6 - -5) + 6?
-2
What is 3 + (56 - 62 - (-3 - 0))?
0
What is (-2 - 0 - 0) + -7 + 6?
-3
What is -7 + 11 + -3 + -1 + 2?
2
(154 - 149) + 0 + -2 + 0
3
-9 + 4 + -10 - -6
-9
Evaluate -4 - -1 - (-11 - -26 - 11).
-7
16 + (-16 - -18 - (-1 + 10))
9
Calculate (3 + -1 - 2) + (1 - -2).
3
What is 6 + 11 + -6 + (-5 - -1)?
7
Evaluate 139 + -145 - (-4 - 1).
-1
-3 - (-4 - -3) - -2
0
Evaluate (17 - 15) + -1 + 4 + 0.
5
Evaluate -1 + 6 - ((12 - 5) + 2).
-4
0 + (6 + -1 - (-3 - -5))
3
Evaluate 0 + 6 + (-2 - -17 - 16).
5
Calculate -3 - 8 - (-1 - 8 - -4).
-6
Calculate (1 - -6) + -3 + 0 + 1.
5
1 - (-3 + 3) - (-5 - -3)
3
What is the value of 4 + -2 + -4 + 2?
0
What is 4 - (1 + (11 - 3))?
-5
What is the value of -4 + 1 + 6 + -5?
-2
-11 + (-5 - -10) - (-4 + -2)
0
What is 25 - 14 - (6 + -3 - -2)?
6
What is (-2 - 0) + -13 + 11 + 0?
-4
What is 23 + -18 + 0 + -8 - -13?
10
(1 - 3) + 6 + -8 + 11
7
Evaluate 2 - 0 - (-19 + 19).
2
What is 11 - (2 + -1 + (-37 - -40))?
7
What is the value of 1 + 7 + (-21 - -13)?
0
What is (-3 - -7 - 2) + -9 + 3?
-4
What is the value of 2 + -5 + (1 - (3 - 3))?
-2
Calculate -16 + -1 + -3 + 11.
-9
What is the value of 17 + -17 + -2 + 2?
0
Evaluate (3 - (-2 + 2) - 0) + -3.
0
What is (-3 + 1 - (6 + -5)) + 4?
1
Calculate (4 - 3 - 3) + 5.
3
Calculate 3 + -5 + 5 + 1.
4
Evaluate 42 - 42 - (1 - 5).
4
What is 4 - -5 - 7 - 5?
-3
What is -1 - (-2 + 1) - (4 - 1)?
-3
(5 - 7) + 1 + 0
-1
Calculate -7 - 1 - (0 + (1 - 6)).
-3
0 - (12 - (2 - -4))
-6
What is the value of 0 + (1 - 0) + (-1 - 1)?
-1
Evaluate 3 - (-1 + 3 - (2 - -3)).
6
Evaluate (3 - (-1 + 0)) + (2 - 3).
3
What is the value of 3 - (12 + -4 + 0)?
-5
Calculate 1 - -2 - (0 + 1).
2
7 + (5 - (6 - 0))
6
Evaluate 3 - (0 + 5 + -12 + 13).
-3
5 - (-7 - (8 + -5 - 8))
7
Evaluate -9 + 5 + 5 + 6.
7
Calculate -8 - (-19 + 12 + 1).
-2
What is the value of 5 + 3 + (5 - 13 - -5)?
5
What is -5 - (1 - 12) - (3 - 3)?
6
Calculate (-3 - (-4 + 3)) + -1 + -1.
-4
What is the value of 9 + -4 + (4 - 5) + -14?
-10
What is the value of -5 + 3 + (1 - 2) - -2?
-1
Calculate 5 + -1 + -1 + 4 + -5.
2
Evaluate 0 + -2 + 0 + -1 + 2.
-1
Evaluate -1 - 2 - -7 - 0.
4
-24 + 17 - (-4 + -6)
3
What is 7 + (-7 - (-1 - 1)) + 8?
10
Evaluate 1 + (4 + 1 - 2).
4
What is the value of 0 + -6 - (-6 + 2 - -2)?
-4
Evaluate 8 + (-3 - 5) + 4.
4
Evaluate 2 - 1 - 4 - 2.
-5
Calculate 11 - 12 - (1 - -1) - 0.
-3
What is -1 - -7 - 7 - 4?
-5
Calculate -2 + 5 + -8 - -4.
-1
-3 + 12 + (-3 - (0 - 2))
8
6 + -4 - 6 - -3 - 6
-7
What is -1 + 6 - (1 - -8)?
-4
What is -6 + (-6 - 0) + 8?
-4
Evaluate -13 - (0 + (-24 - -7)).
4
What is 1 - (3 + 4 + 0 - 0)?
-6
What is the value of 1 - ((5 - -1) + (0 - 0))?
-5
What is 5 + 3 + 4 + -10?
2
What is -3 + 7 + (-1 - -1)?
4
Calculate (5 + 0 - 11) + (13 - 4).
3
What is -1 - (-1 + 0) - (14 - 13)?
-1
4 - (4 - -2) - -7 - 1
4
Calculate 5 + -13 - (13 + -21).
0
What is 37 - 43 - (-1 + -2)?
-3
-8 + 2 - ((-1 - -7) + -6)
-6
Evaluate (3 - (4 + 4)) + (5 - 0).
0
Calculate 2 - (0 + (-2 - -6)).
-2
Calculate -7 + 8 - (1 + -6).
6
Evaluate -30 - -30 - (0 + -1).
1
Evaluate 0 + 1 - -3 - (339 + -328).
-7
What is 1 + 1 + 1 - (-17 + 22)?
-2
What is 8 - (-2 + 2 + 4)?
4
What is -163 + 152 + (-1 - 1) + 5?
-8
Evaluate -19 - -28 - (-1 + 9).
1
What is the value of 6 + -4 + 5 + -3 - 1?
3
What is -3 + 1 + (5 - -13 - 19)?
-3
2 - (-5 + 1 + 7)
-1
What is 0 + (1 - -1) + -1 + 1?
2
What is (-31 - -26) + 0 + 0 - -10?
5
-5 - (4 + -5 + -8)
4
Calculate 2 - (3 + 1 - 6).
4
6 - (-3 + (8 - 3))
4
W